is the remainder when 123 is divided by 37?
12
What is the remainder when 6850 is divided by 13?
12
What is the remainder when 13892 is divided by 24?
20
Calculate the remainder when 2873 is divided by 31.
21
What is the remainder when 189 is divided by 71?
47
Calculate the remainder when 441 is divided by 38.
23
What is the remainder when 2512 is divided by 42?
34
Calculate the remainder when 146 is divided by 39.
29
Calculate the remainder when 624 is divided by 19.
16
What is the remainder when 1796 is divided by 100?
96
Calculate the remainder when 529 is divided by 53.
52
What is the remainder when 141 is divided by 54?
33
What is the remainder when 456 is divided by 64?
8
Calculate the remainder when 395 is divided by 77.
10
Calculate the remainder when 668 is divided by 61.
58
What is the remainder when 1289 is divided by 6?
5
What is the remainder when 1402 is divided by 108?
106
What is the remainder when 454 is divided by 93?
82
Calculate the remainder when 151 is divided by 31.
27
What is the remainder when 142 is divided by 50?
42
Calculate the remainder when 179 is divided by 16.
3
Calculate the remainder when 309 is divided by 98.
15
What is the remainder when 92 is divided by 55?
37
Calculate the remainder when 183 is divided by 6.
3
What is the remainder when 1654 is divided by 79?
74
Calculate the remainder when 3500 is divided by 31.
28
Calculate the remainder when 198 is divided by 56.
30
What is the remainder when 182 is divided by 89?
4
What is the remainder when 541 is divided by 286?
255
What is the remainder when 294 is divided by 98?
0
What is the remainder when 53 is divided by 5?
3
What is the remainder when 1193 is divided by 19?
15
Calculate the remainder when 98 is divided by 10.
8
What is the remainder when 94 is divided by 17?
9
What is the remainder when 82 is divided by 14?
12
Calculate the remainder when 727 is divided by 100.
27
What is the remainder when 190 is divided by 3?
1
Calculate the remainder when 10708 is divided by 206.
202
Calculate the remainder when 735 is divided by 8.
7
Calculate the remainder when 719 is divided by 72.
71
Calculate the remainder when 1615 is divided by 20.
15
What is the remainder when 148 is divided by 22?
16
What is the remainder when 307 is divided by 58?
17
Calculate the remainder when 259 is divided by 86.
1
What is the remainder when 138 is divided by 115?
23
What is the remainder when 707 is divided by 678?
29
Calculate the remainder when 1531 is divided by 116.
23
Calculate the remainder when 3357 is divided by 56.
53
What is the remainder when 419 is divided by 20?
19
Calculate the remainder when 22 is divided by 18.
4
Calculate the remainder when 2008 is divided by 668.
4
What is the remainder when 474 is divided by 53?
50
Calculate the remainder when 1931 is divided by 510.
401
Calculate the remainder when 277 is divided by 40.
37
What is the remainder when 446 is divided by 84?
26
Calculate the remainder when 56 is divided by 8.
0
What is the remainder when 320 is divided by 5?
0
Calculate the remainder when 79 is divided by 25.
4
Calculate the remainder when 492 is divided by 17.
16
Calculate the remainder when 162 is divided by 33.
30
Calculate the remainder when 56 is divided by 30.
26
Calculate the remainder when 22 is divided by 6.
4
What is the remainder when 519 is divided by 9?
6
Calculate the remainder when 70 is divided by 34.
2
Calculate the remainder when 3793 is divided by 130.
23
Calculate the remainder when 1336 is divided by 191.
190
Calculate the remainder when 489 is divided by 99.
93
What is the remainder when 974 is divided by 933?
41
Calculate the remainder when 258 is divided by 65.
63
What is the remainder when 25 is divided by 8?
1
Calculate the remainder when 127 is divided by 12.
7
What is the remainder when 226 is divided by 43?
11
Calculate the remainder when 129 is divided by 2.
1
What is the remainder when 121 is divided by 31?
28
What is the remainder when 786 is divided by 101?
79
Calculate the remainder when 199 is divided by 2.
1
Calculate the remainder when 395 is divided by 106.
77
What is the remainder when 214 is divided by 12?
10
What is the remainder when 243 is divided by 81?
0
What is the remainder when 375 is divided by 207?
168
Calculate the remainder when 124 is divided by 46.
32
Calculate the remainder when 941 is divided by 59.
56
What is the remainder when 759 is divided by 366?
27
Calculate the remainder when 270 is divided by 13.
10
What is the remainder when 12471 is divided by 21?
18
Calculate the remainder when 172 is divided by 166.
6
Calculate the remainder when 126 is divided by 39.
9
What is the remainder when 3680 is divided by 127?
124
What is the remainder when 1734 is divided by 15?
9
Calculate the remainder when 986 is divided by 13.
11
What is the remainder when 506 is divided by 64?
58
What is the remainder when 150 is divided by 78?
72
What is the remainder when 55 is divided by 50?
5
Calculate the remainder when 237 is divided by 20.
17
Calculate the remainder when 114 is divided by 35.
9
Calculate the remainder when 9597 is divided by 46.
29
Calculate the remainder when 109 is divided by 20.
9
Calculate the remainder when 993 is divided by 171.
138
Calculate the remainder when 417 is divided by 42.
39
Calculate the remainder when 4290 is divided by 74.
72
Calculate the remainder when 7305 is divided by 2435.
0
Calculate the remainder when 376 is divided by 176.
24
Calculate the remainder when 2214 is divided by 734.
12
What is the remainder when 3094 is divided by 25?
19
Calculate the remainder when 321 is divided by 47.
39
What is the remainder when 771 is divided by 85?
6
What is the remainder when 252 is divided by 78?
18
Calculate the remainder when 925 is divided by 85.
75
What is the remainder when 4183 is divided by 48?
7
What is the remainder when 712 is divided by 23?
22
What is the remainder when 35819 is divided by 36?
35
Calculate the remainder when 24407 is divided by 27.
26
Calculate the remainder when 2340 is divided by 258.
18
What is the remainder when 458 is divided by 30?
8
Calculate the remainder when 242 is divided by 241.
1
Calculate the remainder when 425 is divided by 61.
59
What is the remainder when 1376 is divided by 61?
34
What is the remainder when 380 is divided by 44?
28
Calculate the remainder when 660 is divided by 51.
48
Calculate the remainder when 381 is divided by 55.
51
Calculate the remainder when 115 is divided by 31.
22
Calculate the remainder when 517 is divided by 74.
73
What is the remainder when 447 is divided by 64?
63
Calculate the remainder when 553 is divided by 137.
5
What is the remainder when 162 is divided by 45?
27
Calculate the remainder when 310 is divided by 45.
40
Calculate the remainder when 114 is divided by 23.
22
Calculate the remainder when 184 is divided by 36.
4
What is the remainder when 512 is divided by 253?
6
Calculate the remainder when 1393 is divided by 41.
40
What is the remainder when 285 is divided by 77?
54
What is the remainder when 1221 is divided by 88?
77
Calculate the remainder when 143 is divided by 100.
43
Calculate the remainder when 96 is divided by 63.
33
What is the remainder when 53 is divided by 42?
11
Calculate the remainder when 691 is divided by 54.
43
Calculate the remainder when 128 is divided by 31.
4
Calculate the remainder when 1412 is divided by 24.
20
Calculate the remainder when 398 is divided by 67.
63
Calculate the remainder when 807 is divided by 102.
93
What is the remainder when 47 is divided by 4?
3
Calculate the remainder when 91 is divided by 31.
29
Calculate the remainder when 11596 is divided by 3865.
1
What is the remainder when 219 is divided by 86?
47
What is the remainder when 31 is divided by 13?
5
What is the remainder when 307 is divided by 43?
6
Calculate the remainder when 16111 is divided by 102.
97
Calculate the remainder when 616 is divided by 267.
82
Calculate the remainder when 398 is divided by 184.
30
What is the remainder when 86 is divided by 27?
5
Calculate the remainder when 405 is divided by 30.
15
What is the remainder when 83 is divided by 22?
17
What is the remainder when 543 is divided by 32?
31
Calculate the remainder when 3732 is divided by 96.
84
What is th